Suppose -289 = -4*j - h*c, -4*j - 2*c + 260 + 34 = 0. What are the prime factors of j?
2, 19
Suppose 9*q - 1 = 10*q. Let j = 40 - q. List the prime factors of j.
41
Suppose 0 = -5*l + 5*p + 125, 0*p + 5*p = -l - 5. Suppose -6*c + l = -c. Suppose 4*o = 4 + c. What are the prime factors of o?
2
Let t(a) = -182*a**3 + a**2 - 26*a - 79. What are the prime factors of t(-3)?
2, 23, 107
Suppose -8*r - 5*l - 15387 = -14*r, 0 = 5*r - l - 12832. List the prime factors of r.
17, 151
Suppose 0 = 3*k + 2*i - 396, 131 = k - 5*i + 6*i. What are the prime factors of k?
2, 67
Suppose i - 3*i - 5*c = -26, -3*c + 15 = i. Let f = 8 - i. Suppose 4*v = -f*o + 74, -o - 2*o = 6. List the prime factors of v.
3, 7
Let z(a) = -a**2 - 10*a + 8. Suppose -q = q. Suppose m = 4*b - 9, q*m - 4*m = b + 36. What are the prime factors of z(m)?
17
Let t = -371 - -193. Let r = 254 + t. List the prime factors of r.
2, 19
Let s = 1 - -8. Suppose -3*w + 39 + s = 0. What are the prime factors of w?
2
Let t be (68/(-8))/(3/6). Let x = t - -19. Let v(d) = 3*d - 4. List the prime factors of v(x).
2
Let z(k) = -2*k - 18. Let j be z(-18). Let c = -79 + 116. Suppose x - j = -a, -4*x + 103 = 2*a + c. What are the prime factors of x?
3, 5
Let c(b) be the first derivative of 14*b**2 + 5*b + 9. List the prime factors of c(3).
89
Let i be 2 + -3 + -5 + 96. Suppose 309 = -4*r - 4*y + 3*y, i = -r + 4*y. Let b = -40 - r. What are the prime factors of b?
2, 19
Suppose d + 4 = 0, 0 = 2*u - 5*u + 2*d + 23. Suppose f + f + u*p - 50 = 0, -2*p = -4*f + 76. List the prime factors of f.
2, 5
Let r(g) = 11*g + 52. What are the prime factors of r(19)?
3, 29
Let n(k) = -160*k**3 + 10*k**2 + 33*k - 5. What are the prime factors of n(-3)?
2, 2153
Let q = 1059 - 710. Suppose -q = -5*b - 89. What are the prime factors of b?
2, 13
Suppose 3*s + 0*t - 12 = -4*t, 3*s - 12 = 3*t. Let o be (-21)/(-4) - 1/s. Suppose 4*x - 9 = 4*m - x, 3*x + o = 5*m. List the prime factors of m.
2
Let q(f) = -10*f - 1. Let t be q(-5). Let g = t + -13. Let a = -14 + g. List the prime factors of a.
2, 11
Suppose -44*p = -5*z - 47*p + 17219, -z = -3*p - 3433. What are the prime factors of z?
2, 1721
Suppose a = 5*g - 782, 8*g - 3*g + 2*a - 791 = 0. Suppose 5*b + 5*m - g - 68 = 0, 0 = -5*b + 4*m + 180. What are the prime factors of b?
2, 5
Let w be (198/8)/((-6)/(-32)). Suppose -y + w = 3*y. List the prime factors of y.
3, 11
List the prime factors of (52 + 9227)/(0 + 3).
3, 1031
Let o(f) = 2*f**2 - 7. Suppose -2*x - 6 = -5*x. Let m = 5 - x. What are the prime factors of o(m)?
11
Suppose 0*k = 5*k - 310. Suppose 5*n = -2*h + 98, n + 2*h - k = -2*n. Suppose -n = -3*c + c. What are the prime factors of c?
3
Let l(p) = -4*p**2 + 3*p - 3. Let r be l(2). Suppose -4*u - 96 = -k, -2*u - 3*u - 5*k - 95 = 0. Let o = r - u. List the prime factors of o.
2, 5
Let t = 14 + 0. Suppose t*y = 10*y. What are the prime factors of (22 + -4)*(y - -2)?
2, 3
Let q(u) = -u**2 + 32*u - 20. What are the prime factors of q(14)?
2, 29
Let o(m) = -206*m + 1131. What are the prime factors of o(-9)?
3, 5, 199
Let d = -24 + 26. Suppose 0 = 4*r - 3*j - 73 - 59, 52 = d*r + 2*j. Suppose -t = 4*t - r. What are the prime factors of t?
2, 3
Suppose 0 = 28*f - 32*f + 1960. List the prime factors of f.
2, 5, 7
Let l = -24 + 30. Suppose -l*m + 396 = -2*m - 4*s, 0 = -4*m - 3*s + 375. What are the prime factors of m?
2, 3
Let g(r) = -r**2 - 8*r + 13. Let i be g(-9). Suppose -16 = -5*f + i. Let d = f + 3. What are the prime factors of d?
7
Let k = 116 - 61. Let r = -11 + k. Let q = r + -13. What are the prime factors of q?
31
Let i be (-1428)/(-35)*(-1 - (-154)/4). What are the prime factors of i/27*6/4?
5, 17
Suppose 8 = w - 4. Let s be ((-297)/w)/(4/(-16)). Suppose -j - 27 = -q, -3*j - s = -4*q - 2*j. List the prime factors of q.
2, 3
Let t = -592 + 644. List the prime factors of t.
2, 13
Let d(o) = 74*o**2 + 13*o + 9. List the prime factors of d(-7).
2, 443
Suppose 0 = -15*r + 40 + 95. Suppose 2*x - 96 = 2*w, x - 3*w = 41 + r. What are the prime factors of x?
47
Suppose k + j - 958 = 4*j, 4*k - 4*j = 3808. List the prime factors of k.
13, 73
Let v(c) = 2*c**2 - 2*c - 7. Let u be (-7 - -11) + -1*1. List the prime factors of v(u).
5
Let f(b) = -b**3 + 9*b**2 + 12*b - 14. Let t be f(10). Suppose t*j = 255 - 81. What are the prime factors of j?
29
Let o = 24 + -21. Let b be 2 + (-6)/3 + o. Suppose -3*h + 156 = b*i - 0*i, -5*h = 3*i - 252. What are the prime factors of h?
2, 3
Let f be ((-42)/(-10))/((-1)/(-5)). Let c be (184/6)/(14/f). Suppose -j + d + 4*d + 27 = 0, 2*j - 2*d - c = 0. List the prime factors of j.
2, 11
Let u(s) = 384*s - 350*s - 1 - 1 - 17. What are the prime factors of u(3)?
83
Let s = 5392 - 3849. List the prime factors of s.
1543
Let x = 85 + -84. List the prime factors of (-1 - x) + 1 + -19 + 253.
233
Let l = 5 + 55. List the prime factors of (l/(-7))/((-30)/140).
2, 5
Let y = -58 - -67. Let h = y + 51. What are the prime factors of h?
2, 3, 5
Let p(y) = 1262*y**3 + y**2 + y - 1. What are the prime factors of p(1)?
3, 421
Let a = 2772 - 863. What are the prime factors of a?
23, 83
Let d(n) = -n**3 - 5*n**2 - 6*n + 11. Let g be d(-6). Suppose -3*s + 5*o + 614 = 0, s - 2*o - g - 120 = 0. What are the prime factors of s?
3, 71
Let t(n) = 12*n**2 - 24*n + 174. What are the prime factors of t(9)?
2, 3, 5, 31
Let c = 1108 + -331. List the prime factors of c.
3, 7, 37
List the prime factors of (-3603)/(-12) - (-15)/(-40)*-2.
7, 43
Suppose -5*b = 1 + 4, 2*d + 15 = -5*b. Let h(o) = o**3 + 5*o**2 - o + 6. Let n be h(d). Suppose g - n = 2. What are the prime factors of g?
13
Let h = -625 + 900. What are the prime factors of h?
5, 11
Let z be 5 - (-4)/(-2 + 0). Suppose 5*w - 4*q - 426 = 0, 5*w - 433 = -0*q - z*q. List the prime factors of w.
2, 43
Let n(j) = 29*j + 47. Suppose 5*c + 0*u - 51 = -4*u, -5*u + 41 = 3*c. List the prime factors of n(c).
2, 5
Suppose 0*y - 128 = -4*y + 4*k, -153 = -5*y - 2*k. Suppose -3*p = -275 - y. List the prime factors of p.
2, 3, 17
Suppose -2 = -6*k + 16. Suppose 0*i = -i - k*u + 45, 5*u = i - 5. List the prime factors of i.
2, 3, 5
Suppose -10*u = -7*u - 6. Suppose -5*c + u*q - 32 = -124, 2*q = -2. Suppose 5*b - 17 = c. What are the prime factors of b?
7
Suppose 4940 = 2*p - 14*c + 15*c, 0 = p - 2*c - 2470. What are the prime factors of p?
2, 5, 13, 19
Let t(j) = -14*j + 2. Let q be t(-5). Suppose q = -10*z + 2*z. What are the prime factors of 28/126 - 529/z?
59
Let z = -33 - -30. What are the prime factors of ((-8)/(-6))/(z/(-117))?
2, 13
Let t be (-2)/((-8)/108*-3). Let c = t + 90. Let z = c + -46. List the prime factors of z.
5, 7
Let o = -95 + 73. List the prime factors of (-191)/(-2) + 33/o.
2, 47
Let r = -9 - -12. Suppose 4*a - 2*n = 10, 4*a - r*a - 6 = 4*n. List the prime factors of (-255)/(-10)*a/3.
17
Suppose -3 = 4*l - 143. Let x = l + -24. List the prime factors of x.
11
Suppose -2*j - 3*j - 40 = 0. Let w be ((-4)/6)/(j/(-432)). List the prime factors of w/15*(-7 + -3).
2, 3
Suppose 3*o + 2*z - 1217 = 0, 3*z - 2*z - 2026 = -5*o. What are the prime factors of o?
3, 5
Let d(x) = -x + 12*x + 0 - 1 - 4. Let r be d(7). Let w = r - -6. What are the prime factors of w?
2, 3, 13
What are the prime factors of (-954)/(-265)*(90 - 0)?
2, 3
Suppose 0 = -3*q - q - x - 30, -3*q - 4*x = 16. Let k = 15 - q. Suppose -2*s = 5*w - 90, 2*s - 19 = -2*w + k. What are the prime factors of w?
2
Suppose 4*h = 3*d - 14, -2*d + 8*h - 3*h = -14. Suppose -4*s + 2 = -3*j - 0*j, 2*j - d = 2*s. What are the prime factors of j?
2, 3
List the prime factors of 2911 - 6 - 5/(15/6).
2903
Suppose -10*w + 574 - 104 = 0. Suppose 5*d - 132 = -2*t, -2*d + t = -4*t - w. What are the prime factors of d?
2, 13
Let r be 2 - (-3)/((-9)/30). Let a = r - -27. Suppose -b + 49 = 4*n - a, -n + 30 = -3*b. List the prime factors of n.
2, 3
Let v(m) = -m**2 - 14*m + 10. Let h be v(-15). Let p(i) = -i**2 - 4*i + 6. Let r be p(h). What are the prime factors of (-8 - r/(-1))*-4?
2, 7
Let y = -264 + 589. List the prime factors of y.
5, 13
Let m(v) = v**3 - 11*v**2 + 9*v + 5. Let g be m(10). What are the prime factors of 2 - 2 - 185/g?
37
Suppose -2*d = -3*d + 13. Let m = d - 12. List the prime factors of (m/(-3))/(1/(-183)).
61
Let u(o) = 3*o**3 - o**2 + o. Let c be u(-3). Let i = -2